rime factors of 1*(22 - (h - 2))?
19
Suppose 0 - 10 = 2*j. Let s = -2 - j. Suppose 0 = -2*m - 5*r - 13, 0 = s*m - m - 5*r - 37. What are the prime factors of m?
2, 3
What are the prime factors of -30*(-4 + 72/20)?
2, 3
Let d(j) = -4*j + 1. Suppose 4*c - 4*z = z - 19, 0 = 4*z - 12. Let h be d(c). Suppose v + 44 = h*v. List the prime factors of v.
11
Let v be ((-1)/2)/(3/(-48)). What are the prime factors of (204/10)/(v/20)?
3, 17
Let g(x) = -x**3 + 11*x**2 + 15*x. List the prime factors of g(12).
2, 3
Let j(o) be the first derivative of o**4 + o**3/6 - o**2/2 - 3*o - 3. Let d(h) be the first derivative of j(h). What are the prime factors of d(1)?
2, 3
Let w be ((-3)/1 - -4)*25. Suppose -s + 2*s + 87 = 5*b, 4*s = b - w. What are the prime factors of b?
17
Let j(i) = 4*i**2 - 5*i - 14. What are the prime factors of j(-4)?
2, 5, 7
List the prime factors of (-10)/8*(-168)/6.
5, 7
Suppose -2*x = -3*k - 3*x - 41, -3*x + 73 = -5*k. Let j = -12 - k. List the prime factors of j.
2
What are the prime factors of (-1 - 1*-22) + -2?
19
Let b(j) be the third derivative of -j**4/8 - j**3/6 - 3*j**2. What are the prime factors of b(-1)?
2
Let r be (-10 + 1)/(9/(-6)). Suppose 161 = 4*o - 3*y, -210 = -5*o + y - r*y. List the prime factors of o.
41
Suppose -4*f + 2*j = -f - 308, 0 = -5*f + 4*j + 514. What are the prime factors of f?
2, 3, 17
Suppose -4*n - 4*x - 33 = 7, 0 = -4*n + 2*x - 52. Suppose -4*c + 30 = z, -4*z + 5*c + 36 = -21. Let k = n + z. List the prime factors of k.
2, 3
Suppose 6*u - 11*u = -60. Suppose u*o - 17*o = -180. What are the prime factors of o?
2, 3
Suppose 0 = -x - 4*x + 15. List the prime factors of x.
3
Let t be 4/18 - 6/27. Suppose t = -5*x - 4*d + d + 201, -4*x + 171 = -d. What are the prime factors of x?
2, 3, 7
Let b(r) = r**3 - 5*r**2 + 6*r - 1. Let x be b(4). What are the prime factors of 1590/70 - (-2)/x?
23
Let c be 9/(-2)*4/(-3). What are the prime factors of (4/c)/((-2)/(-39))?
13
Let i = 11 + -7. Suppose i*m = -9 - 3. What are the prime factors of 4/6 - 55/m?
19
Let x be 2/(2 - 8/6). Suppose -3*b = -5*b - 5*u + 28, -39 = -5*b + x*u. Suppose -4*h + o + 15 = -16, -o + b = h. List the prime factors of h.
2
Let a(z) = -z**3 + 9*z**2 - 7*z + 1. Suppose 3*g - u = 24, -5*u = -3*u. Let p be a(g). Let b = p - 7. List the prime factors of b.
2
Let v be (-1 - -2)*45/(-3). List the prime factors of (-186)/v + 4/(-10).
2, 3
Let r be -3 + 0 - -5 - -1. Suppose 0*q = q + r*w - 5, 5*w + 21 = 2*q. What are the prime factors of q?
2
Suppose 0 = 4*u - 2*a - 198, 6*a - 4*a - 62 = -u. What are the prime factors of u?
2, 13
Suppose -2 = -4*w - 18. Let d be ((-3)/w)/((-1)/(-4)). Suppose 2*k - 27 = -d*o, 2*o + 5*k - k - 26 = 0. What are the prime factors of o?
7
Let j = 2 - 1. Let l be (j - 1)*1/3. Suppose s + 0*t - 2*t - 7 = l, -t = -s + 7. List the prime factors of s.
7
Suppose -11*a + 102 = -5*a. List the prime factors of a.
17
Suppose 44 + 64 = 4*h. List the prime factors of h.
3
Let f(t) = -2*t**3 - t**2 + t - 1. Let q be 16/(-12)*6/4. Let o be f(q). Suppose -o + 2 = -i. What are the prime factors of i?
7
Let m(k) = k**3 - 5*k**2 - 10*k + 10. List the prime factors of m(7).
2, 19
What are the prime factors of 40/(-16)*(-68)/5?
2, 17
Let s(u) = 7*u - 30. What are the prime factors of s(17)?
89
Let v(w) = -w + w - 2 + 2*w - 4*w. Let n be v(-2). Suppose -n*k + 18 = 2*c + 3*c, -5*c - 10 = 0. List the prime factors of k.
2, 7
Suppose -f + 2*f - 67 = 0. What are the prime factors of f?
67
Let h = -158 - -223. List the prime factors of h.
5, 13
Let l(k) = 2*k**2 - 7*k - 24. List the prime factors of l(7).
5
Let o(z) = -z**3 + 6*z**2 + z + 2. What are the prime factors of o(4)?
2, 19
List the prime factors of 24/(-56) - 1364/(-14).
97
Suppose -2*x = 13 + 7. Let u be 4/(-10) + (-44)/x. Suppose 3*r = -5*s + s + 27, u*s - 2 = 2*r. What are the prime factors of s?
3
Let i(o) = o**3 - 6*o**2 - 11*o - 2. Let k be -3*2*(-8)/6. What are the prime factors of i(k)?
2, 19
Let o be 0/1 + -1 - 2. What are the prime factors of o/6*15*-2?
3, 5
Suppose 3*a = -9 - 27. Suppose -2*j - 2*w = -4*w - 4, 10 = -2*w. What are the prime factors of (-8)/a - 49/j?
17
Let o be -2*(1 - 0) + 39. Suppose o = z + f, -3*f + 46 = z + 9. List the prime factors of z.
37
Suppose -2*b - 3*o + 18 = 0, -3*o + o = 3*b - 32. What are the prime factors of (1 + 9)*b/10?
2, 3
Suppose -211 + 67 = -4*s. What are the prime factors of s?
2, 3
Let s = 37 + -56. Let r = s - -74. Suppose -4*p = 11 - r. List the prime factors of p.
11
Let v = 11 - 6. Let r(j) = -j + 8. Let c be r(v). Suppose -4*s + i = -34, 3*i + 2*i - 14 = -c*s. List the prime factors of s.
2
Suppose g - t - t = 6, 4*t + 22 = -3*g. What are the prime factors of g/(-5) - 219/(-15)?
3, 5
Suppose 0 = m + 2*m - 9. Suppose 3 = m*l, -5*g + 0*l + 9 = -l. Suppose -5*x + 14 + 46 = -g*f, -2*f = 5*x - 40. What are the prime factors of x?
2, 5
Suppose 4*g - 3*g = -2, 20 = 2*w - 5*g. Suppose -11 = -4*m + w. List the prime factors of 30/m*(2 - 0).
3, 5
Let t(n) = 6*n**2 - n. Let d be t(-4). Suppose -2*f + 5*b = f - 128, -2*f - 4*b = -d. List the prime factors of f.
2, 23
Suppose -4*g + 24 = -8*g. Let p = g + 16. Suppose -5*h - 5*y = -p, 3*y = -y - 16. List the prime factors of h.
2, 3
Suppose -3*u = -2*u + 8. Let x = -6 - u. Suppose x*h + 2*d = 41 - 3, -44 = -2*h - 5*d. What are the prime factors of h?
17
Let p(f) = 6*f + 2. Let d be p(-8). Let c = -18 - d. What are the prime factors of c?
2, 7
Let m = 9 - 6. Let n be 5 + -7 - (1 - m). Suppose 0 = -z + w + 9, n*z - 3*z = 3*w - 39. List the prime factors of z.
11
Let g(h) = -5*h**3 - 5*h - 2*h**3 - 16*h**3 - h**2 + 4*h. List the prime factors of g(-1).
23
What are the prime factors of (-3)/(1/((-292)/12))?
73
Let w(j) = -j**3 + 7*j**2 - 5*j. Let l be w(4). Suppose 2*u = l + 34. List the prime factors of u.
31
Let o = -72 - -15. Let c = o - -87. Suppose 0 = -3*l + c. What are the prime factors of l?
2, 5
Suppose 0 = 4*c - 58 + 10. What are the prime factors of c?
2, 3
Let a be 1/(-2) + 78/12. Suppose -a = -g - 2. List the prime factors of g.
2
What are the prime factors of 4/6 + (-480)/(-36)?
2, 7
Let x(m) = 6*m - 2. Let c(s) = -2*s - 3. Let r be c(-3). List the prime factors of x(r).
2
Suppose r + 0 + 3 = 0. Let p = 6 + r. List the prime factors of p.
3
Let c be (-12)/(-2)*(-1)/(-2). Suppose 4*l - 20 = 0, -c = -2*m - 6*l + l. Let u = 17 + m. What are the prime factors of u?
2, 3
Let r(t) = 2*t**3 - 2*t**2 - 5*t + 4. List the prime factors of r(3).
5
Suppose -5*z + 365 = 2*f - 5*f, -z + 61 = -3*f. Let s = 111 - z. What are the prime factors of s?
5, 7
Suppose 4*c + 511 = 3*f, 7*c = -2*f + 4*c + 318. Suppose f = 6*i - i. Suppose -4*n + i + 3 = 0. What are the prime factors of n?
3
Let n = 169 + -100. What are the prime factors of n?
3, 23
Suppose 0 = -6*l + 5*l + 323. List the prime factors of l.
17, 19
Suppose 306 = 5*n - 269. Suppose -n = -3*k - s, 0*s = -4*k - 4*s + 164. List the prime factors of k.
37
Let j = -6 - -6. Suppose 2*c - 7 + 3 = j. Suppose -7 = -c*b + 7. List the prime factors of b.
7
Suppose 5*m - 3*m = 6. Suppose 0 = -4*x + m*w + 18, -3*x - 5*w = -7*x + 22. Suppose -x*d - 6 = -4*d. List the prime factors of d.
2, 3
Let b be 2*(-4)/8*-10. Suppose 0*i = 2*i. Suppose p - b = -i. List the prime factors of p.
2, 5
Suppose -t + 4 = 3. What are the prime factors of (34 - 0) + (1 - t)?
2, 17
What are the prime factors of (-6)/42 + 232/7?
3, 11
Suppose -10*u + 6*u = -2*k + 124, -k + 3*u + 67 = 0. List the prime factors of k.
2, 13
Suppose -3*j + 280 = -d, 4*j - j - 274 = 4*d. List the prime factors of j.
2, 47
Suppose -5*q = 11 - 61. Suppose u = -0*u + q. Suppose c - u = -0*c. What are the prime factors of c?
2, 5
Let t be -1 + -2 - (-2 + -11). List the prime factors of t - ((-1 - -3) + 1).
7
Let t = -16 - -20. Suppose 5*g - 40 = -5*c, 0*g - t*c = -3*g + 3. List the prime factors of g.
5
Let w(p) = p + 3. Let f be w(3). Suppose 3*z - f = z. Suppose -4*q + 20 = 0, z*l - 2*q - 16 = -4*q. List the prime factors of l.
2
Suppose 9*b - 2*b = 1512. Suppose -20 = -4*l + b. What are the prime factors of l?
59
Suppose 4*s = -2*j + j - 195, -4*s - 4*j = 192. Let u = s + 27. Let f = u + 38. What are the prime factors of f?
2
Let t(y) = y**3 + 2*y**2 - 7*y + 2. Let x be t(-5). What are the prime factors o